 - 19 = 0, 0 = 3*d + d + x - 29. What is the highest common divisor of r and d?
6
Let q(v) = v**3 - 31*v**2 - 100*v - 24. Let c be q(34). Calculate the greatest common divisor of 110 and c.
22
Let x = 247 - 121. What is the greatest common factor of 12 and x?
6
Let i be 3 + 2 + 188/2. Calculate the greatest common divisor of i and 22.
11
Let a(k) = -4*k - 18. Let j be a(11). Let d = 152 + j. What is the greatest common factor of 45 and d?
45
Let g(j) = 2*j**2 - 5*j + 74. Let p(k) = 3*k**2 - 9*k + 148. Let t(d) = -5*g(d) + 3*p(d). Let l be t(0). What is the greatest common divisor of l and 111?
37
Suppose -9*g + 5*g + 1728 = 0. Suppose 5*c = -c + g. Calculate the greatest common divisor of 8 and c.
8
Suppose 4*p = 3*p + 5*j + 39, -j - 187 = -3*p. Let v(s) = -49 + s**2 + 37 - 2*s**2 + 12*s. Let z be v(10). What is the highest common divisor of z and p?
8
Let z be (-198)/11 - (0 + -2). Let r be (0 - 0)*8/z. Suppose r = 4*q + 3*i - 71, -4*q - 115 = -9*q + 5*i. Calculate the highest common factor of 160 and q.
20
Let n(u) = -10 + 5 + 16 - 7*u + 8*u. Let k be n(-6). Suppose -101 = -k*l + 99. What is the highest common factor of 60 and l?
20
Let m = 173 - 93. What is the greatest common divisor of 120 and m?
40
Suppose 2*x = -3*o + 2615 - 282, 5*o = -3*x + 3888. What is the greatest common factor of o and 148?
37
Suppose r + 4 = l - 4*l, 4 = l - r. Suppose -6*p + 2*p + 12 = l. Calculate the greatest common factor of 27 and p.
3
Let z = -1341 + 1970. Calculate the highest common factor of z and 17.
17
Suppose 5*c = -2*g - 16, 5*g + 4*c = -1 - 5. Let r = 1670 - 1668. Calculate the greatest common factor of r and g.
2
Let a(s) = -16*s - 103. Let x be a(-16). What is the highest common divisor of 204 and x?
51
Let v = -35 + 125. What is the greatest common factor of 225 and v?
45
Suppose -5*u = -2*o - 4480, -5*u - 4*o = -1059 - 3421. What is the greatest common divisor of 28 and u?
28
Suppose 3*r - 3 - 12 = 0. Suppose 440 = -r*f + 16*f. What is the highest common divisor of f and 4?
4
Suppose 0 = -3*y + 5*y - 264. Let v be 172/(-602) + (-466)/(-14). What is the highest common factor of v and y?
33
Let u(l) = 2*l - 15. Let k be u(9). Suppose 0 = 3*s - 4*y + 2, s - 2*y + 2 = -0*s. Calculate the highest common factor of s and k.
1
Let d = -17 - -22. Suppose 21 = -d*h + 71. What is the highest common divisor of h and 2?
2
Let p(o) = -4*o**3 + 5*o**2 + 3*o - 7. Let f be p(-2). What is the highest common divisor of 2496 and f?
39
Suppose -8 + 221 = j. Calculate the highest common divisor of 71 and j.
71
Suppose 549*k + 702 = 555*k. What is the highest common divisor of k and 91?
13
Let b(y) = -30*y - 390. Let f be b(-19). Calculate the highest common divisor of f and 40.
20
Let k = 4 - 1. Let t = 4776 - 4758. What is the highest common divisor of t and k?
3
Let v(p) = -p**3 + 7*p**2 - 7*p - 6. Let y be v(5). Suppose -s + y = -5. Suppose -s*i - 8 = -15*i. What is the greatest common factor of i and 16?
8
Let z be 6/(-21) - 334/7. Let d = -37 - z. Let h(r) = -r**3 + 9*r**2 - 6*r - 1. Let n be h(7). What is the greatest common factor of d and n?
11
Let n be (-44)/(-4)*(-4 - -3). Let k = n - -11. Suppose k = -2*i + 21 + 17. What is the highest common divisor of 133 and i?
19
Suppose 150 = 2*j - b, 0 = 5*j - 3*b - 340 - 34. Calculate the highest common divisor of 95 and j.
19
Suppose -2*c - 6 = 4*s, 0 = -4*s + 3*s - 4*c + 16. Let d be ((-2)/s)/(3/174). What is the greatest common divisor of d and 29?
29
Let s = -322 - -336. Calculate the greatest common divisor of 182 and s.
14
Suppose -13*f + 87 = -2513. Calculate the greatest common divisor of 8 and f.
8
Suppose -24 = 2*p - 0*p - 5*m, 5*p + 5*m + 60 = 0. Let i be (6*1)/(p/(-8)). Let v be (34/6 + i)*3. Calculate the highest common factor of v and 145.
29
Let l be 3 - -1 - (0 + -14). Suppose 5*w + 209 = 524. What is the highest common factor of w and l?
9
Let m(w) = 25*w - 118. Let g be m(5). Suppose -2*r = -117 - 197. Suppose 0 = -4*u + r + 95. Calculate the highest common divisor of u and g.
7
Let s be 2 - (3 - 2)*-94. What is the greatest common divisor of s and 48?
48
Let p = -161 + 167. Calculate the highest common divisor of 48 and p.
6
Suppose -3 = 4*n - 103. What is the highest common factor of 75 and n?
25
Let r = 236 + -219. Calculate the highest common factor of 255 and r.
17
Suppose 4*h = -h - 20, 163 = 3*n - 4*h. Suppose 16 = q - n. What is the highest common divisor of 26 and q?
13
Let s(w) = 7*w**3 + 10*w**3 - 17 + 2*w - 20*w**2 - 13 - 16*w**3. Let j be s(20). What is the highest common divisor of 15 and j?
5
Suppose 0 = 11*f - 39 - 1677. Calculate the highest common divisor of f and 12.
12
Suppose 0 = v - 4*s + 23, -3*s + 30 = -2*v + s. Let g(t) = -19*t + 8. Let y be g(v). Let c = -64 + y. What is the greatest common factor of 7 and c?
7
Let m be (-4)/6 - 116/(-12). Let l be (-18)/189 + 1900/105. Calculate the greatest common divisor of m and l.
9
Suppose -9*s + 4555 = -3581. What is the highest common divisor of s and 16?
8
Let k be -7 - (-3)/(18/150). Calculate the greatest common divisor of 4 and k.
2
Let y be (28/3)/(2/108). What is the highest common divisor of 63 and y?
63
Let c(q) = 3*q**2 + 21*q - 51. Let i be c(3). What is the highest common factor of i and 52?
13
Let o = -921 + 1029. Calculate the greatest common factor of 468 and o.
36
Suppose h = 6*g - h - 128, 3*g = -2*h + 52. Calculate the greatest common factor of 740 and g.
20
Suppose -y = -4*p + 1, 4*y + 21 = -3*p - 40. Let s = -78 - -53. Let u = y - s. What is the greatest common divisor of 132 and u?
12
Let c(q) be the third derivative of -q**5/60 + 34*q**3/3 + 21*q**2. Let w be c(0). Calculate the greatest common divisor of 4 and w.
4
Let a be 5/((-20)/(-8))*(-1175)/(-10). Calculate the highest common divisor of 188 and a.
47
Let u be (-198)/(-55)*((6 - 3) + 2). Calculate the highest common divisor of u and 738.
18
Let i = -32 + 37. Suppose -o + 2*k = -3, i*o - 7 = -0*k + 2*k. What is the greatest common divisor of o and 1?
1
Suppose -w = -581 + 428. Calculate the highest common divisor of w and 561.
51
Let w(y) = 6*y**2 + 0*y - 7*y**2 - 13*y. Let n be w(-13). Suppose 4*f = -n*f + 44. What is the highest common factor of f and 121?
11
Let x = 5 - 2. Suppose -75 = x*z - 8*z. Suppose -1697 + 1417 = -56*k. Calculate the highest common divisor of z and k.
5
Let v(l) = -2*l**2 + 14*l - 10. Let w be v(6). Let a = w - -3. Suppose z = a, -5*g + z + 275 = -0*z. Calculate the highest common factor of g and 7.
7
Suppose v = -0*v. Let j be 2 + (-4)/(8/(-210)) + 1. Suppose v = 5*n + n - j. What is the highest common factor of 12 and n?
6
Let k(h) = 18*h**2 - 28*h + 15. Let s be k(6). What is the highest common divisor of s and 55?
55
Suppose 0 = 4*b - b - 354. Suppose 0 = -y + 5*l + b, y + 3*y = -3*l + 449. Let n = 249 - y. Calculate the highest common divisor of n and 17.
17
Let o be 9 - (-115 + 72/(-9)). What is the highest common divisor of 55 and o?
11
Let c = 980 - 759. Calculate the greatest common factor of 91 and c.
13
Let x be 614/11 - (-2)/11. Let z = x + -50. Let q = 32 - 14. What is the highest common factor of q and z?
6
Let u = 3 + -3. Suppose 2*f - 1 - 11 = u. Let n be (-5)/10*-6*1. What is the highest common divisor of n and f?
3
Let l(w) = 3*w**2 - 9. Let n be l(3). Let m(a) = 9*a + 18. Let d be m(7). What is the greatest common divisor of n and d?
9
Let c = -24 - -30. Let d be (-3)/c + 189/18. Let j = 52 - 32. What is the highest common factor of j and d?
10
Let s(c) = -8*c - 77. Let t be s(-10). Calculate the greatest common divisor of 282 and t.
3
Suppose 0 = 6*r + 3*r - 396. Suppose 0 = 10*b - 1788 + 468. Calculate the highest common factor of b and r.
44
Let t = 250 - 170. Let l(q) = -62*q - 600. Let z be l(-10). What is the greatest common divisor of t and z?
20
Let f(p) = -56*p**3 - p**2 + 2*p + 2. Let w be f(-1). Suppose 78*i + 66 = 81*i. What is the greatest common divisor of w and i?
11
Let z(w) = 14*w**2 + 11*w - 25. Let r be z(4). What is the greatest common divisor of r and 18?
9
Suppose 2*x = 21*r - 1852 - 918, r - 2*x = 130. Calculate the greatest common divisor of 385 and r.
11
Let m = -21 - -149. Calculate the highest common divisor of 4 and m.
4
Let p be 0/4*1 + 5. Suppose p*i - 60 = -z, 4 + 1 = -z. Cal